{"id":188,"date":"2024-04-05T22:12:02","date_gmt":"2024-04-05T22:12:02","guid":{"rendered":"https:\/\/paginaswebenpuertovallarta.com\/?page_id=188"},"modified":"2026-01-16T22:46:24","modified_gmt":"2026-01-16T22:46:24","slug":"servicios","status":"publish","type":"page","link":"https:\/\/paginaswebenpuertovallarta.com\/index.php\/servicios\/","title":{"rendered":"Servicios"},"content":{"rendered":"\t\t<div data-elementor-type=\"wp-page\" data-elementor-id=\"188\" class=\"elementor elementor-188\" data-elementor-post-type=\"page\">\n\t\t\t\t<div class=\"elementor-element elementor-element-a5b5587 e-flex e-con-boxed e-con e-parent\" data-id=\"a5b5587\" data-element_type=\"container\" data-e-type=\"container\" data-settings=\"{&quot;background_background&quot;:&quot;classic&quot;}\">\n\t\t\t\t\t<div class=\"e-con-inner\">\n\t\t\t\t<div class=\"elementor-element elementor-element-4d8d140 elementor-widget elementor-widget-heading\" data-id=\"4d8d140\" data-element_type=\"widget\" data-e-type=\"widget\" data-widget_type=\"heading.default\">\n\t\t\t\t<div class=\"elementor-widget-container\">\n\t\t\t\t\t<h2 class=\"elementor-heading-title elementor-size-default\">Servicios<\/h2>\t\t\t\t<\/div>\n\t\t\t\t<\/div>\n\t\t\t\t\t<\/div>\n\t\t\t\t<\/div>\n\t\t<div class=\"elementor-element elementor-element-96e3307 e-flex e-con-boxed e-con e-parent\" data-id=\"96e3307\" data-element_type=\"container\" data-e-type=\"container\" data-settings=\"{&quot;background_background&quot;:&quot;classic&quot;}\">\n\t\t\t\t\t<div class=\"e-con-inner\">\n\t\t<div class=\"elementor-element elementor-element-4f517eb e-con-full e-flex e-con e-child\" data-id=\"4f517eb\" data-element_type=\"container\" data-e-type=\"container\">\n\t\t\t\t<div class=\"elementor-element elementor-element-e163445 elementor-widget elementor-widget-image\" data-id=\"e163445\" data-element_type=\"widget\" data-e-type=\"widget\" data-widget_type=\"image.default\">\n\t\t\t\t<div class=\"elementor-widget-container\">\n\t\t\t\t\t\t\t\t\t\t\t\t\t\t\t<img fetchpriority=\"high\" decoding=\"async\" width=\"682\" height=\"694\" src=\"https:\/\/paginaswebenpuertovallarta.com\/wp-content\/uploads\/2024\/04\/Campanas-de-Google-Ads-para-sitios-web-en-Puerto-Vallarta.png\" class=\"attachment-full size-full wp-image-461\" alt=\"\" srcset=\"https:\/\/paginaswebenpuertovallarta.com\/wp-content\/uploads\/2024\/04\/Campanas-de-Google-Ads-para-sitios-web-en-Puerto-Vallarta.png 682w, https:\/\/paginaswebenpuertovallarta.com\/wp-content\/uploads\/2024\/04\/Campanas-de-Google-Ads-para-sitios-web-en-Puerto-Vallarta-295x300.png 295w\" sizes=\"(max-width: 682px) 100vw, 682px\" \/>\t\t\t\t\t\t\t\t\t\t\t\t\t\t\t<\/div>\n\t\t\t\t<\/div>\n\t\t\t\t<\/div>\n\t\t<div class=\"elementor-element elementor-element-0854f1a e-con-full e-flex e-con e-child\" data-id=\"0854f1a\" data-element_type=\"container\" data-e-type=\"container\" data-settings=\"{&quot;background_background&quot;:&quot;classic&quot;}\">\n\t\t\t\t<div class=\"elementor-element elementor-element-b54694b elementor-widget elementor-widget-icon-box\" data-id=\"b54694b\" data-element_type=\"widget\" data-e-type=\"widget\" data-widget_type=\"icon-box.default\">\n\t\t\t\t<div class=\"elementor-widget-container\">\n\t\t\t\t\t\t\t<div class=\"elementor-icon-box-wrapper\">\n\n\t\t\t\n\t\t\t\t\t\t<div class=\"elementor-icon-box-content\">\n\n\t\t\t\t\t\t\t\t\t<h3 class=\"elementor-icon-box-title\">\n\t\t\t\t\t\t<span  >\n\t\t\t\t\t\t\tCampa\u00f1as de Google Ads\t\t\t\t\t\t<\/span>\n\t\t\t\t\t<\/h3>\n\t\t\t\t\n\t\t\t\t\t\t\t\t\t<p class=\"elementor-icon-box-description\">\n\t\t\t\t\t\tEn un mundo digitalmente saturado, destacar entre la multitud es esencial para el \u00e9xito de tu negocio. Las campa\u00f1as de Google Ads te permiten llegar a tu audiencia objetivo de manera precisa y efectiva. Con estrategias personalizadas, podemos maximizar tu alcance y generar leads altamente cualificados, proporcion\u00e1ndote la oportunidad de convertirlos en clientes potenciales reales.\t\t\t\t\t<\/p>\n\t\t\t\t\n\t\t\t<\/div>\n\t\t\t\n\t\t<\/div>\n\t\t\t\t\t\t<\/div>\n\t\t\t\t<\/div>\n\t\t\t\t<div class=\"elementor-element elementor-element-e063607 elementor-align-center elementor-widget elementor-widget-button\" data-id=\"e063607\" data-element_type=\"widget\" data-e-type=\"widget\" data-widget_type=\"button.default\">\n\t\t\t\t<div class=\"elementor-widget-container\">\n\t\t\t\t\t\t\t\t\t<div class=\"elementor-button-wrapper\">\n\t\t\t\t\t<a class=\"elementor-button elementor-button-link elementor-size-sm elementor-animation-grow\" href=\"http:\/\/bit.ly\/miplandemarketing\">\n\t\t\t\t\t\t<span class=\"elementor-button-content-wrapper\">\n\t\t\t\t\t\t\t\t\t<span class=\"elementor-button-text\">Cotiza tu Proyecto<\/span>\n\t\t\t\t\t<\/span>\n\t\t\t\t\t<\/a>\n\t\t\t\t<\/div>\n\t\t\t\t\t\t\t\t<\/div>\n\t\t\t\t<\/div>\n\t\t\t\t<\/div>\n\t\t\t\t\t<\/div>\n\t\t\t\t<\/div>\n\t\t<div class=\"elementor-element elementor-element-a616b48 e-flex e-con-boxed e-con e-parent\" data-id=\"a616b48\" data-element_type=\"container\" data-e-type=\"container\" data-settings=\"{&quot;background_background&quot;:&quot;classic&quot;}\">\n\t\t\t\t\t<div class=\"e-con-inner\">\n\t\t<div class=\"elementor-element elementor-element-373f895 e-con-full e-flex e-con e-child\" data-id=\"373f895\" data-element_type=\"container\" data-e-type=\"container\" data-settings=\"{&quot;background_background&quot;:&quot;classic&quot;}\">\n\t\t\t\t<div class=\"elementor-element elementor-element-ef495e6 elementor-widget elementor-widget-icon-box\" data-id=\"ef495e6\" data-element_type=\"widget\" data-e-type=\"widget\" data-widget_type=\"icon-box.default\">\n\t\t\t\t<div class=\"elementor-widget-container\">\n\t\t\t\t\t\t\t<div class=\"elementor-icon-box-wrapper\">\n\n\t\t\t\n\t\t\t\t\t\t<div class=\"elementor-icon-box-content\">\n\n\t\t\t\t\t\t\t\t\t<h3 class=\"elementor-icon-box-title\">\n\t\t\t\t\t\t<span  >\n\t\t\t\t\t\t\tDise\u00f1o Gr\u00e1fico\t\t\t\t\t\t<\/span>\n\t\t\t\t\t<\/h3>\n\t\t\t\t\n\t\t\t\t\t\t\t\t\t<p class=\"elementor-icon-box-description\">\n\t\t\t\t\t\tCreamos una identidad visual impactante y coherente para tu marca, brind\u00e1ndole profesionalidad y credibilidad. Una comunicaci\u00f3n visual efectiva con tu audiencia, y la posibilidad de destacar frente a la competencia. Con el Dise\u00f1o Gr\u00e1fico adecuado, tu marca puede generar una impresi\u00f3n duradera y positiva en tus clientes potenciales, lo que puede traducirse en un mayor reconocimiento de marca y un aumento en las ventas\t\t\t\t\t<\/p>\n\t\t\t\t\n\t\t\t<\/div>\n\t\t\t\n\t\t<\/div>\n\t\t\t\t\t\t<\/div>\n\t\t\t\t<\/div>\n\t\t\t\t<div class=\"elementor-element elementor-element-b26406a elementor-align-center elementor-widget elementor-widget-button\" data-id=\"b26406a\" data-element_type=\"widget\" data-e-type=\"widget\" data-widget_type=\"button.default\">\n\t\t\t\t<div class=\"elementor-widget-container\">\n\t\t\t\t\t\t\t\t\t<div class=\"elementor-button-wrapper\">\n\t\t\t\t\t<a class=\"elementor-button elementor-button-link elementor-size-sm elementor-animation-grow\" href=\"http:\/\/bit.ly\/miplandemarketing\">\n\t\t\t\t\t\t<span class=\"elementor-button-content-wrapper\">\n\t\t\t\t\t\t\t\t\t<span class=\"elementor-button-text\">Cotiza tu Proyecto<\/span>\n\t\t\t\t\t<\/span>\n\t\t\t\t\t<\/a>\n\t\t\t\t<\/div>\n\t\t\t\t\t\t\t\t<\/div>\n\t\t\t\t<\/div>\n\t\t\t\t<\/div>\n\t\t<div class=\"elementor-element elementor-element-c035353 e-con-full e-flex e-con e-child\" data-id=\"c035353\" data-element_type=\"container\" data-e-type=\"container\">\n\t\t\t\t<div class=\"elementor-element elementor-element-d030c8a elementor-widget elementor-widget-image\" data-id=\"d030c8a\" data-element_type=\"widget\" data-e-type=\"widget\" data-widget_type=\"image.default\">\n\t\t\t\t<div class=\"elementor-widget-container\">\n\t\t\t\t\t\t\t\t\t\t\t\t\t\t\t<img decoding=\"async\" width=\"600\" height=\"600\" src=\"https:\/\/paginaswebenpuertovallarta.com\/wp-content\/uploads\/2024\/04\/Diseno-Grafico-en-Puerto-Vallarta-para-Sitios-Web.png\" class=\"attachment-full size-full wp-image-468\" alt=\"\" srcset=\"https:\/\/paginaswebenpuertovallarta.com\/wp-content\/uploads\/2024\/04\/Diseno-Grafico-en-Puerto-Vallarta-para-Sitios-Web.png 600w, https:\/\/paginaswebenpuertovallarta.com\/wp-content\/uploads\/2024\/04\/Diseno-Grafico-en-Puerto-Vallarta-para-Sitios-Web-300x300.png 300w, https:\/\/paginaswebenpuertovallarta.com\/wp-content\/uploads\/2024\/04\/Diseno-Grafico-en-Puerto-Vallarta-para-Sitios-Web-150x150.png 150w\" sizes=\"(max-width: 600px) 100vw, 600px\" \/>\t\t\t\t\t\t\t\t\t\t\t\t\t\t\t<\/div>\n\t\t\t\t<\/div>\n\t\t\t\t<\/div>\n\t\t\t\t\t<\/div>\n\t\t\t\t<\/div>\n\t\t<div class=\"elementor-element elementor-element-71a0111 e-flex e-con-boxed e-con e-parent\" data-id=\"71a0111\" data-element_type=\"container\" data-e-type=\"container\" data-settings=\"{&quot;background_background&quot;:&quot;classic&quot;}\">\n\t\t\t\t\t<div class=\"e-con-inner\">\n\t\t<div class=\"elementor-element elementor-element-71564cd e-con-full e-flex e-con e-child\" data-id=\"71564cd\" data-element_type=\"container\" data-e-type=\"container\">\n\t\t\t\t<div class=\"elementor-element elementor-element-4a2026a elementor-widget elementor-widget-image\" data-id=\"4a2026a\" data-element_type=\"widget\" data-e-type=\"widget\" data-widget_type=\"image.default\">\n\t\t\t\t<div class=\"elementor-widget-container\">\n\t\t\t\t\t\t\t\t\t\t\t\t\t\t\t<img decoding=\"async\" width=\"689\" height=\"526\" src=\"https:\/\/paginaswebenpuertovallarta.com\/wp-content\/uploads\/2024\/04\/Servicio-de-Manejo-de-Redes-Sociales-en-Puerto-Vallarta.png\" class=\"attachment-full size-full wp-image-472\" alt=\"\" srcset=\"https:\/\/paginaswebenpuertovallarta.com\/wp-content\/uploads\/2024\/04\/Servicio-de-Manejo-de-Redes-Sociales-en-Puerto-Vallarta.png 689w, https:\/\/paginaswebenpuertovallarta.com\/wp-content\/uploads\/2024\/04\/Servicio-de-Manejo-de-Redes-Sociales-en-Puerto-Vallarta-300x229.png 300w\" sizes=\"(max-width: 689px) 100vw, 689px\" \/>\t\t\t\t\t\t\t\t\t\t\t\t\t\t\t<\/div>\n\t\t\t\t<\/div>\n\t\t\t\t<\/div>\n\t\t<div class=\"elementor-element elementor-element-7862488 e-con-full e-flex e-con e-child\" data-id=\"7862488\" data-element_type=\"container\" data-e-type=\"container\" data-settings=\"{&quot;background_background&quot;:&quot;classic&quot;}\">\n\t\t\t\t<div class=\"elementor-element elementor-element-6929124 elementor-widget elementor-widget-icon-box\" data-id=\"6929124\" data-element_type=\"widget\" data-e-type=\"widget\" data-widget_type=\"icon-box.default\">\n\t\t\t\t<div class=\"elementor-widget-container\">\n\t\t\t\t\t\t\t<div class=\"elementor-icon-box-wrapper\">\n\n\t\t\t\n\t\t\t\t\t\t<div class=\"elementor-icon-box-content\">\n\n\t\t\t\t\t\t\t\t\t<h3 class=\"elementor-icon-box-title\">\n\t\t\t\t\t\t<span  >\n\t\t\t\t\t\t\tRedes Sociales\t\t\t\t\t\t<\/span>\n\t\t\t\t\t<\/h3>\n\t\t\t\t\n\t\t\t\t\t\t\t\t\t<p class=\"elementor-icon-box-description\">\n\t\t\t\t\t\tNo s\u00f3lo manejamos las Redes Sociales de tu Negocio, nos encargamos de diferenciar tu marca sobre tu competencia con Creaci\u00f3n de Contenido dirigido a tu Cliente Potencial y Campa\u00f1as Publicitarias que generan prospectos y clientes desde el 1er Mes de Servicios.\u00a0\t\t\t\t\t<\/p>\n\t\t\t\t\n\t\t\t<\/div>\n\t\t\t\n\t\t<\/div>\n\t\t\t\t\t\t<\/div>\n\t\t\t\t<\/div>\n\t\t\t\t<div class=\"elementor-element elementor-element-ac58d31 elementor-align-center elementor-widget elementor-widget-button\" data-id=\"ac58d31\" data-element_type=\"widget\" data-e-type=\"widget\" data-widget_type=\"button.default\">\n\t\t\t\t<div class=\"elementor-widget-container\">\n\t\t\t\t\t\t\t\t\t<div class=\"elementor-button-wrapper\">\n\t\t\t\t\t<a class=\"elementor-button elementor-button-link elementor-size-sm elementor-animation-grow\" href=\"http:\/\/bit.ly\/miplandemarketing\">\n\t\t\t\t\t\t<span class=\"elementor-button-content-wrapper\">\n\t\t\t\t\t\t\t\t\t<span class=\"elementor-button-text\">Cotiza tu Proyecto<\/span>\n\t\t\t\t\t<\/span>\n\t\t\t\t\t<\/a>\n\t\t\t\t<\/div>\n\t\t\t\t\t\t\t\t<\/div>\n\t\t\t\t<\/div>\n\t\t\t\t<\/div>\n\t\t\t\t\t<\/div>\n\t\t\t\t<\/div>\n\t\t\t\t<\/div>\n\t\t","protected":false},"excerpt":{"rendered":"<p>Servicios Campa\u00f1as de Google Ads En un mundo digitalmente saturado, destacar entre la multitud es esencial para el \u00e9xito de tu negocio. Las campa\u00f1as de Google Ads te permiten llegar a tu audiencia objetivo de manera precisa y efectiva. Con estrategias personalizadas, podemos maximizar tu alcance y generar leads altamente cualificados, proporcion\u00e1ndote la oportunidad de [&hellip;]<\/p>\n","protected":false},"author":1,"featured_media":0,"parent":0,"menu_order":0,"comment_status":"closed","ping_status":"closed","template":"elementor_header_footer","meta":{"footnotes":""},"class_list":["post-188","page","type-page","status-publish","hentry"],"_links":{"self":[{"href":"https:\/\/paginaswebenpuertovallarta.com\/index.php\/wp-json\/wp\/v2\/pages\/188","targetHints":{"allow":["GET"]}}],"collection":[{"href":"https:\/\/paginaswebenpuertovallarta.com\/index.php\/wp-json\/wp\/v2\/pages"}],"about":[{"href":"https:\/\/paginaswebenpuertovallarta.com\/index.php\/wp-json\/wp\/v2\/types\/page"}],"author":[{"embeddable":true,"href":"https:\/\/paginaswebenpuertovallarta.com\/index.php\/wp-json\/wp\/v2\/users\/1"}],"replies":[{"embeddable":true,"href":"https:\/\/paginaswebenpuertovallarta.com\/index.php\/wp-json\/wp\/v2\/comments?post=188"}],"version-history":[{"count":64,"href":"https:\/\/paginaswebenpuertovallarta.com\/index.php\/wp-json\/wp\/v2\/pages\/188\/revisions"}],"predecessor-version":[{"id":1256,"href":"https:\/\/paginaswebenpuertovallarta.com\/index.php\/wp-json\/wp\/v2\/pages\/188\/revisions\/1256"}],"wp:attachment":[{"href":"https:\/\/paginaswebenpuertovallarta.com\/index.php\/wp-json\/wp\/v2\/media?parent=188"}],"curies":[{"name":"wp","href":"https:\/\/api.w.org\/{rel}","templated":true}]}}